 multiple of 840?
True
Is 436 a factor of 2299539?
False
Is 9414242 a multiple of 48?
False
Is 308095150 a multiple of 1161?
False
Is 16 a factor of 1767952?
True
Does 491 divide 111382166?
False
Is 1468426020 a multiple of 2728?
False
Is 389 a factor of 1007510?
True
Is 16 a factor of 4894144?
True
Does 32 divide 623941824?
True
Does 32 divide 613426333?
False
Does 6 divide 185846618?
False
Does 1861 divide 232429595?
True
Is 737 a factor of 84117826?
False
Is 3856652061 a multiple of 7958?
False
Does 285 divide 810441975?
False
Does 3658 divide 1081655968?
True
Is 224 a factor of 460952352?
True
Is 399115200 a multiple of 440?
True
Is 89 a factor of 42331604?
True
Does 253 divide 2233433928?
False
Is 83111742 a multiple of 3346?
False
Is 151414044 a multiple of 124?
True
Is 329722162 a multiple of 133?
True
Does 3390 divide 955980?
True
Is 202040493 a multiple of 790?
False
Does 352 divide 24712394?
False
Is 7 a factor of 68314533?
True
Does 96 divide 152818368?
True
Does 23 divide 2975625?
True
Is 2868 a factor of 486656323?
False
Does 17 divide 2626092?
True
Does 613 divide 44966615?
True
Is 2111517980 a multiple of 374?
True
Does 259 divide 91186389?
True
Is 124 a factor of 1132973941?
False
Does 30 divide 241495697?
False
Does 136 divide 121923698?
False
Is 8 a factor of 7993689?
False
Is 62751432 a multiple of 61?
True
Does 13 divide 66338363?
True
Does 12 divide 6465980?
False
Does 171 divide 1238055561?
True
Does 5 divide 11790340?
True
Is 214 a factor of 3586578823?
False
Is 198 a factor of 9014346?
True
Is 26 a factor of 389725479?
False
Does 90 divide 122770800?
True
Is 14390332 a multiple of 25?
False
Is 253 a factor of 8173312?
False
Is 3 a factor of 210674031?
True
Is 158 a factor of 6814681?
False
Is 10235541 a multiple of 7?
False
Is 3444 a factor of 320050061?
False
Does 30 divide 2999412420?
True
Does 163 divide 13458584?
True
Does 281 divide 5623371?
False
Is 4760 a factor of 828987320?
True
Is 212273890 a multiple of 565?
True
Does 9230 divide 1176418035?
False
Is 22 a factor of 2663197083?
False
Is 15187143 a multiple of 12?
False
Is 867 a factor of 45737310?
False
Is 164 a factor of 19712149?
False
Does 774 divide 21151098?
True
Does 353 divide 32202778?
True
Does 4 divide 58620?
True
Is 198 a factor of 43234884?
True
Is 164213864 a multiple of 376?
True
Is 18 a factor of 468612089?
False
Is 8712381323 a multiple of 14?
False
Is 440993724 a multiple of 7?
False
Is 76244055 a multiple of 62?
False
Does 56 divide 942816345?
False
Is 200850356 a multiple of 37?
True
Is 44608290 a multiple of 15?
True
Is 1356163550 a multiple of 3?
False
Is 2655169220 a multiple of 10?
True
Does 7882 divide 1286195268?
False
Does 4 divide 178932892?
True
Does 9496 divide 2330688992?
False
Does 257 divide 25202812?
False
Is 11072796 a multiple of 6?
True
Is 8 a factor of 3690229?
False
Is 2275556 a multiple of 14?
False
Is 28 a factor of 376136226?
False
Does 3 divide 23558676?
True
Is 81 a factor of 169817148?
True
Is 73 a factor of 41737312?
True
Is 378479646 a multiple of 18?
True
Does 52 divide 844468966?
False
Is 42309299 a multiple of 77?
False
Is 1427404398 a multiple of 14?
True
Is 2970 a factor of 536744212?
False
Is 425841329 even?
False
Is 158 a factor of 6688298?
True
Does 62 divide 37865446?
True
Does 23 divide 280362663?
True
Does 688 divide 95246720?
True
Is 14 a factor of 762852090?
True
Is 13 a factor of 2604706?
True
Is 56865972 a multiple of 1348?
False
Is 15 a factor of 41450413?
False
Does 10 divide 1294772827?
False
Is 59803016 a multiple of 2366?
True
Is 2502056889 a multiple of 933?
True
Does 279 divide 323761086?
True
Is 756 a factor of 35128514?
False
Is 4141 a factor of 1950671004?
False
Does 4116 divide 120866340?
True
Does 1027 divide 5803519?
False
Is 235426897 a multiple of 574?
False
Is 105966795 a multiple of 44?
False
Is 33 a factor of 1217717952?
True
Is 4884705990 a multiple of 106?
False
Is 6 a factor of 421786658?
False
Does 3518 divide 576094097?
False
Is 11738327 a multiple of 73?
True
Is 58 a factor of 1003402900?
True
Is 266 a factor of 992180?
True
Is 14 a factor of 1022981652?
True
Is 598708393 a multiple of 223?
True
Is 11613630 a multiple of 35?
True
Is 22 a factor of 96885775?
False
Does 5 divide 3867155?
True
Is 935 a factor of 41223252?
False
Is 26 a factor of 399051670?
False
Is 32 a factor of 2701214787?
False
Is 559756414 a multiple of 1477?
True
Is 74262304 a multiple of 4?
True
Is 517930613 a multiple of 109?
True
Is 11962734 a multiple of 21?
True
Does 265 divide 253854100?
True
Is 76474425 a multiple of 5?
True
Is 3416175 a multiple of 81?
True
Is 251 a factor of 31137052?
True
Is 120539328 a multiple of 448?
True
Is 1941949120 a multiple of 3956?
False
Is 525019429 a multiple of 476?
False
Does 3047 divide 2802675?
False
Is 99711270 a multiple of 10?
True
Does 1022 divide 51373896?
True
Is 54724428 a multiple of 2178?
True
Does 1787 divide 1079303325?
True
Is 57168298 a multiple of 384?
False
Does 901 divide 1785886516?
True
Does 11 divide 512906938?
False
Is 248 a factor of 2102368664?
True
Does 18 divide 1017621216?
True
Is 36 a factor of 1877392800?
True
Does 54 divide 10803506?
False
Is 279 a factor of 41144799?
False
Does 30 divide 35975910?
True
Is 280579781 a multiple of 17?
True
Is 8 a factor of 5913760?
True
Is 96 a factor of 20537472?
True
Is 4428688 a multiple of 161?
False
Is 343268772 a multiple of 121?
True
Does 86 divide 4529534?
True
Is 8 a factor of 20229248?
True
Is 197 a factor of 53824588?
False
Does 620 divide 44431538?
False
Is 2323915 a multiple of 899?
True
Is 463393494 a multiple of 87?
True
Is 1376822072 a multiple of 3462?
False
Does 160 divide 2667586720?
True
Does 49 divide 33173711?
False
Is 5948649 a multiple of 123?
True
Is 4511 a factor of 339281332?
True
Does 97 divide 26218994?
False
Does 37 divide 103923034?
False
Is 2814 a factor of 99815910?
False
Does 12 divide 719226696?
True
Is 4 a factor of 121008240?
True
Is 868122312 a multiple of 8?
True
Is 28677039 a multiple of 1597?
False
Is 60036522 a multiple of 651?
True
Is 173255728 a multiple of 29?
False
Does 286 divide 26555100?
True
Is 334198032 a multiple of 302?
True
Is 5974382 even?
True
Does 20 divide 173496984?
False
Does 53 divide 29762361?
False
Is 266 a factor of 158968782?
True
Is 30285252 a multiple of 844?
True
Does 81 divide 44579808?
True
Does 101 divide 35050848?
False
Is 160 a factor of 2040489440?
True
Is 242265581 a multiple of 127?
True
Is 563832 a multiple of 3?
True
Is 13 a factor of 56854200?
True
Does 161 divide 200653334?
True
Is 534 a factor of 86786935?
False
Is 798573975 a multiple of 1790?
False
Is 22947132 a multiple of 96?
False
Is 148694103 a multiple of 5?
False
Does 446 divide 259926570?
True
Is 28 a factor of 78855672?
True
Is 1389932688 a multiple of 6536?
True
Is 41642400 a multiple of 800?
True
Is 17 a factor of 20548802?
False
Is 9929650 a multiple of 25?
True
Does 2 divide 6262833?
False
Is 378844353 a multiple of 608?
False
Is 620383480 a multiple of 55?
False
Does 7 divide 22341424?
True
Does 212 divide 346968639?
False
Is 410 a factor of 165064189?
False
Does 1531 divide 107598680?
True
Is 89 a factor of 303644795?
False
Is 169767667 a multiple of 214?
False
Does 123 divide 391202416?
False
Is 223140572 a multiple of 3485?
False
Is 98492766 a multiple of 93?
True
Is 650595893 a multiple of 757?
False
Is 31614147 a multiple of 29?
True
Does 76 divide 2697450558?
False
Is 43 a factor of 1443197454?
False
Is 40688231 a multiple of 2467?
True
Is 31529830 a multiple of 10?
True
Is 3064040276 a multiple of 22?
True
Is 3581 a factor of 63014857?
True
Is 154106 a multiple of 27?
False
Is 8 a factor of 10313040?
True
Is 171822624 a multiple of 435?
False
Does 603 divide 123828462?
True
Is 44 a factor of 1568801696?
True
Is 3879 a factor of 511803018?
True
Is 17 a factor of 106662113?
False
Does 20 divide 370935567?
False
Is 589436550 a multiple of 3725?
True
Does 2 divide 22147441?
False
Is 1165388751 a multiple of 477?
True
Does 232 divide 793306136?
True
Is 26267190 a multiple of 84?
False
Is 65777874 a multiple of 19?
False
Does 13 divide 199885119?
False
Is 2008 a factor of 1013437600?
True
Is 52 a factor of 369700171?
False
Is 7204515575 a multiple of 2825?